12, what is 2236 + 3b4?
262a
In base 13, what is -b539 + 5cc8?
-5541
In base 14, what is b128 - -1107?
c231
In base 4, what is 1203333321 - 20132?
1203313123
In base 3, what is -21 - -20001202202202212?
20001202202202121
In base 10, what is 17 - 204195?
-204178
In base 10, what is -7978 - -209?
-7769
In base 5, what is -13203313221 - 10?
-13203313231
In base 4, what is 12 - -3023020011113?
3023020011131
In base 5, what is -11143341121 + 10?
-11143341111
In base 11, what is 27273653 - -5?
27273658
In base 10, what is 322 - 16456?
-16134
In base 8, what is -2104145 + 5?
-2104140
In base 8, what is 5660 + -3256?
2402
In base 10, what is 105 + 17072?
17177
In base 6, what is 511524 - 12?
511512
In base 5, what is 11410 + 442120?
1004030
In base 8, what is 1 + 4611350?
4611351
In base 10, what is 75 + 246600?
246675
In base 8, what is -3115 + 44440?
41323
In base 9, what is -11800 - -1331?
-10458
In base 2, what is -10110101001100111 - -1001111?
-10110101000011000
In base 10, what is -1940 + -7741?
-9681
In base 13, what is -10c - -39358?
39249
In base 13, what is 2b - -147c56?
147c84
In base 8, what is 272 - -43467?
43761
In base 15, what is -9b1 - d5a2?
-e063
In base 6, what is 12 - -424525411?
424525423
In base 5, what is 112 + 2303043303?
2303043420
In base 6, what is -2505104214 - 0?
-2505104214
In base 16, what is 1 - 15cc9c1?
-15cc9c0
In base 7, what is -212661041 + -1?
-212661042
In base 3, what is 101222101012110210 + 20?
101222101012111000
In base 11, what is -2431 - 11546?
-13977
In base 10, what is 40 + 3664751?
3664791
In base 14, what is -9 + 1b3b?
1b32
In base 2, what is -1001100111101000 + 1010110001010?
-1000010001011110
In base 3, what is 11112110 + -1002021001?
-220201121
In base 14, what is -14340a3 - -19?
-1434088
In base 4, what is 31030023331 - 10?
31030023321
In base 7, what is -1 - -106044152?
106044151
In base 2, what is 101 + -100000101101101101001?
-100000101101101100100
In base 11, what is -20a - 846849?
-846a58
In base 14, what is 3 + 25718b3?
25718b6
In base 14, what is -285b + 2c3a?
3bd
In base 5, what is 1011 + 124313434?
124320000
In base 16, what is -102 - 56be?
-57c0
In base 14, what is -a1d99 + -1a20?
-a39b9
In base 6, what is 44 - -141253141?
141253225
In base 3, what is -1221101100220012 - -100?
-1221101100212212
In base 10, what is 11 + 138432?
138443
In base 12, what is 503a21 + 6a?
503a8b
In base 11, what is -4217 + 18?
-41aa
In base 15, what is 31 + -363c0c?
-363bcb
In base 9, what is -5 - -584000611?
584000605
In base 11, what is -5a95968 - -12?
-5a95956
In base 8, what is 3177153760 - 2?
3177153756
In base 3, what is -10210 + -202001112002?
-202001122212
In base 11, what is -399 + -38a52?
-39340
In base 14, what is 384a + -24a8?
1382
In base 11, what is -21843967 + 5?
-21843962
In base 14, what is 12 + -2acd1ba?
-2acd1a8
In base 5, what is 3 - -142301143034?
142301143042
In base 6, what is -330 - 10131005?
-10131335
In base 6, what is -14400051 - 4102?
-14404153
In base 3, what is 1220120 + 201020100?
210010220
In base 10, what is -10511 - -752?
-9759
In base 3, what is 1221122202 - 2110100?
1212012102
In base 8, what is 50 - 13300627?
-13300557
In base 14, what is 35a - -43237?
43593
In base 11, what is -725 - 523?
-1148
In base 3, what is 2000001022 + 1102?
2000002201
In base 15, what is 1a23c - 84?
1a1a8
In base 8, what is -1035 - 42426?
-43463
In base 8, what is -30344405 + 4?
-30344401
In base 16, what is e0f2768 - 5?
e0f2763
In base 2, what is 110000111000110 - -1111000?
110001000111110
In base 12, what is 12907b9 + -1?
12907b8
In base 4, what is 11 + 10000033030?
10000033101
In base 9, what is -100 - 267534?
-267634
In base 15, what is 33aa488 - -4?
33aa48c
In base 6, what is -205 - 305252?
-305501
In base 4, what is -110121033111122 + -1?
-110121033111123
In base 7, what is 11 + -621224132?
-621224121
In base 11, what is 4236122 + 4?
4236126
In base 14, what is 388c2 - -62?
38944
In base 15, what is -2e3c + -144?
-3081
In base 13, what is 13b10c + -27?
13b0b5
In base 5, what is -12103 - -432430243?
432413140
In base 15, what is -1 - -ae6754e?
ae6754d
In base 11, what is -38090 - 199?
-38279
In base 13, what is 1045b547 - -5?
1045b54c
In base 4, what is -1103320 + -111000132?
-112110112
In base 16, what is -2bf7a1 - -4?
-2bf79d
In base 7, what is 3634644312 - 0?
3634644312
In base 5, what is 10 + -240113423?
-240113413
In base 5, what is 224011044201 - 0?
224011044201
In base 2, what is -10010100010111 + 1101010?
-10010010101101
In base 14, what is 403 + -6920?
-651b
In base 13, what is -10a94a6 + 2?
-10a94a4
In base 4, what is 11002 - 11223013?
-11212011
In base 7, what is -24 - -44156623?
44156566
In base 15, what is b1d1 - -28a?
b46b
In base 3, what is 10010220 + 2111001201?
2121012121
In base 15, what is -19 + -1b957d?
-1b9597
In base 12, what is -230 - -32204?
31b94
In base 11, what is 9 + -122138?
-12212a
In base 13, what is 5 - -2aa82ac?
2aa82b4
In base 5, what is -34211 + 11230?
-22431
In base 15, what is -1349a + 7?
-13493
In base 8, what is -5 + -40654640?
-40654645
In base 16, what is -b42ad92 + -4?
-b42ad96
In base 15, what is -17 - -cc593?
cc57b
In base 15, what is 3 - 50b3002?
-50b2eee
In base 10, what is 42 + -294161?
-294119
In base 4, what is 13002212 - 3?
13002203
In base 6, what is 125 + -1542214?
-1542045
In base 2, what is 1100100001100011010111100 + -11?
1100100001100011010111001
In base 6, what is -312451553 + 11?
-312451542
In base 9, what is -275457 - -64?
-275383
In base 10, what is -459332 - -277?
-459055
In base 15, what is -338 - de9c?
-e2d5
In base 9, what is -1343200 - 100?
-1343300
In base 4, what is 23000 - 3320333?
-3231333
In base 9, what is 307822335 - 1?
307822334
In base 8, what is 124224 - 10010?
114214
In base 3, what is -11022001000 - -10120012?
-11011110211
In base 6, what is 221145 - 1012151?
-351002
In base 2, what is 11010 - 10001011001100100011001?
-10001011001100011111111
In base 15, what is -1 - -10a909cd?
10a909cc
In base 13, what is 13052c - 686?
12cb76
In base 11, what is -1593 - 1988?
-3470
In base 14, what is 28787 + -5?
28782
In base 5, what is 0 + -34120420333?
-34120420333
In base 8, what is -1573073 - -140?
-1572733
In base 11, what is -4 + -1430873?
-1430877
In base 7, what is 22413 + -3106?
16304
In base 3, what is -12 + -1001120020010201?
-1001120020010220
In base 4, what is -203021323332 - 2?
-203021330000
In base 9, what is 257 + 34667?
35035
In base 15, what is -113ad - -29?
-11384
In base 11, what is -941779 - -11?
-941768
In base 6, what is 3403554 + 3414?
3411412
In base 5, what is 12 - 222003222?
-222003210
In base 6, what is 1104023123 + -25?
1104023054
In base 15, what is -5 - -4ee339?
4ee334
In base 12, what is 1 - 1593b30?
-1593b2b
In base 7, what is -1542061340 + 2?
-1542061335
In base 7, what is 462 - -232?
1024
In base 4, what is 303003302321 + -123?
303003302132
In base 9, what is 0 + 36375306?
36375306
In base 5, what is 43242100 - -2433?
43300033
In base 12, what is 6479595 - -5?
647959a
In base 3, what is 10 - 202210221022?
-202210221012
In base 14, what is -54 - 64129?
-6417d
In base 13, what is 296c + 3b29?
6798
In base 11, what is -313 - -241a8?
23995
In base 10, what is 1038253 - -236?
1038489
In base 13, what is -1 - 2609280b?
-2609280c
In base 10, what is 5 - -52514538?
52514543
In base 10, what is -317105618 + -1?
-317105619
In base 8, what is 0 + -2456461?
-2456461
In base 11, what is 13 - -152001?
152014
In base 3, what is 111210100 - 1100022?
110110001
In base 16, what is 5f0 - 3a2d?
-343d
In base 13, what is -526a0 + 810?
-51b90
In base 4, what is 1031320 + 220230?
1312210
In base 14, what is 0 - -35cd88?
35cd88
In base 9, what is -4 - -2728788?
2728784
In base 12, what is 783ba0 - -208?
7841a8
In base 7, what is 62205252 - -2?
62205254
In base 8, what is 61 + 122146?
122227
In base 6, what is 220 - -1154024?
1154244
In base 4, what is 0 + 103321322120?
103321322120
In base 7, what is 330620122 - -4?
330620126
In base 6, what is -1453314040 + -114?
-1453314154
In base 16, what is -16 - -4b700?
4b6ea
In base 5, what is 123213111 + -241?
123212320
In base 4, what is -203210130 + -11232?
-203222022
In base 10, what is 4 - -2747616?
2747620
In base 10, what is 2 + 3267405?
3267407
In base 14, what is 1b20b5 +